{"id":2,"date":"2016-06-18T11:35:59","date_gmt":"2016-06-18T11:35:59","guid":{"rendered":"http:\/\/leadinjection.io\/ebook\/?page_id=2"},"modified":"2024-09-30T13:37:01","modified_gmt":"2024-09-30T13:37:01","slug":"sample-page","status":"publish","type":"page","link":"https:\/\/paper.cyrkl.com\/","title":{"rendered":"Cyrkl Consulting Whitepaper"},"content":{"rendered":"<p>[vc_row full_width=&#8220;stretch_row_content_no_spaces&#8220; el_id=&#8220;top&#8220;][vc_column][rev_slider_vc alias=&#8220;ebook-slider&#8220;][\/vc_column][\/vc_row][vc_row el_id=&#8220;topics&#8220;][vc_column css=&#8220;.vc_custom_1610483098555{padding-top: -30px !important;}&#8220;]\n\n\n    <h2 id=\"heading_69f37890ec6b1\" class=\"li-heading  left fw-bold\" style=\"color: #10a14c;\" >\n        Co najdete uvnit\u0159?            <\/h2>\n\n\n\n    [\/vc_column][\/vc_row][vc_row][vc_column]\n        <div id=\"textblock_69f37890ec6e0\" class=\"li-textblock\" >\n        <p class=\"p1\" style=\"text-align: justify;\">Sd\u00edl\u00edme na\u0161e dlouholet\u00e9 zku\u0161enosti v oblasti odpadov\u00e9ho hospod\u00e1\u0159stv\u00ed. N\u00e1\u0161 pr\u016fvodce pom\u016f\u017ee ka\u017ed\u00e9 firm\u011b ud\u011blat odpadov\u00e9 hospod\u00e1\u0159stv\u00ed ekonomi\u010dt\u011bj\u0161\u00edm a udr\u017eiteln\u011bj\u0161\u00edm,<strong> \u0161et\u0159\u00edc\u00ed miliony korun a sni\u017euj\u00edc\u00ed emise CO2.<\/strong><\/p>\n    <\/div>\n\n\n     [\/vc_column][\/vc_row][vc_row][vc_column width=&#8220;1\/2&#8243;]\n\n    <style scoped>#side_icon_text_69f37890ec722 .li-side-icon-text-icon {color: #10a14c;}<\/style>\n    <div id=\"side_icon_text_69f37890ec722\" class=\"li-side-icon-text  left         vc_custom_1726756666130\" >\n        <div class=\"li-side-icon-text-icon  \"><i class=\"fas fa-recycle\"><\/i><\/div>\n        <h3 class=\"li-side-icon-text-title\">P\u0159edch\u00e1zen\u00ed vzniku odpadu<\/h3>\n        <div class=\"li-side-icon-text-content\"><b>Nejlep\u0161\u00ed odpad je ten, kter\u00fd v\u016fbec nevznikne.<\/b> Nau\u010dte se minimalizovat odpad ji\u017e od za\u010d\u00e1tku.<\/div>\n    <\/div>\n\n\n\n    \n\n    <style scoped>#side_icon_text_69f37890ec811 .li-side-icon-text-icon {color: #10a14c;}<\/style>\n    <div id=\"side_icon_text_69f37890ec811\" class=\"li-side-icon-text  left         vc_custom_1727643292021\" >\n        <div class=\"li-side-icon-text-icon  \"><i class=\"fas fa-industry\"><\/i><\/div>\n        <h3 class=\"li-side-icon-text-title\">Recyklace a prodej<\/h3>\n        <div class=\"li-side-icon-text-content\">Recyklujte p\u0159edt\u0159\u00edd\u011bn\u00fd odpad a najd\u011bte<strong> nov\u00e9 zp\u016fsoby vyu\u017eit\u00ed materi\u00e1l\u016f<\/strong> pomoc\u00ed digit\u00e1ln\u00edho tr\u017ei\u0161t\u011b\u00a0<a href=\"https:\/\/www.cyrkl.com\/cs?whitepaper\">Cyrkl.com<\/a><\/div>\n    <\/div>\n\n\n\n    \n\n    <style scoped>#side_icon_text_69f37890ec824 .li-side-icon-text-icon {color: #10a14c;}<\/style>\n    <div id=\"side_icon_text_69f37890ec824\" class=\"li-side-icon-text  left         vc_custom_1726756787938\" >\n        <div class=\"li-side-icon-text-icon  \"><i class=\"fas fa-clipboard-list\"><\/i><\/div>\n        <h3 class=\"li-side-icon-text-title\">Sekund\u00e1rn\u00ed materi\u00e1ly<\/h3>\n        <div class=\"li-side-icon-text-content\">Nahra\u010fte prim\u00e1rn\u00ed materi\u00e1ly <strong>levn\u011bj\u0161\u00edmi, stejn\u011b kvalitn\u00edmi recyklovan\u00fdmi surovinami.<\/strong><\/div>\n    <\/div>\n\n\n\n    [\/vc_column][vc_column width=&#8220;1\/2&#8243;]\n\n    <div id=\"image_69f37890ec833\" class=\"li-image  center         li-animate\" data-effect=\"fadeIn\">\n\n        \n                            <figure>\n                <img width=\"441\" height=\"240\" src=\"https:\/\/paper.cyrkl.com\/wp-content\/uploads\/2021\/01\/graph1.png\" class=\"img-responsive\" alt=\"\" loading=\"lazy\" srcset=\"https:\/\/paper.cyrkl.com\/wp-content\/uploads\/2021\/01\/graph1.png 441w, https:\/\/paper.cyrkl.com\/wp-content\/uploads\/2021\/01\/graph1-300x163.png 300w\" sizes=\"(max-width: 441px) 100vw, 441px\" \/>                                <\/figure>\n\n            \n        \n    <\/div>\n\n     [\/vc_column][\/vc_row][vc_row full_width=&#8220;stretch_row&#8220; parallax=&#8220;content-moving&#8220; parallax_image=&#8220;121&#8243; parallax_speed_bg=&#8220;3&#8243; overflow=&#8220;of-hidden&#8220; css=&#8220;.vc_custom_1610489079452{padding-top: 85px !important;padding-bottom: 50px !important;background-color: #2c343e !important;}&#8220;][vc_column width=&#8220;1\/2&#8243;]\n\n    <div id=\"image_69f37890ecc43\" class=\"li-image           li-animate\" data-effect=\"fadeInUp\">\n\n        \n                            <figure>\n                <img width=\"300\" height=\"300\" src=\"https:\/\/paper.cyrkl.com\/wp-content\/uploads\/2024\/09\/Cyrkl-pyramida-300x300.png\" class=\"img-responsive\" alt=\"\" loading=\"lazy\" srcset=\"https:\/\/paper.cyrkl.com\/wp-content\/uploads\/2024\/09\/Cyrkl-pyramida-300x300.png 300w, https:\/\/paper.cyrkl.com\/wp-content\/uploads\/2024\/09\/Cyrkl-pyramida-1024x1024.png 1024w, https:\/\/paper.cyrkl.com\/wp-content\/uploads\/2024\/09\/Cyrkl-pyramida-150x150.png 150w, https:\/\/paper.cyrkl.com\/wp-content\/uploads\/2024\/09\/Cyrkl-pyramida-768x768.png 768w, https:\/\/paper.cyrkl.com\/wp-content\/uploads\/2024\/09\/Cyrkl-pyramida-261x261.png 261w, https:\/\/paper.cyrkl.com\/wp-content\/uploads\/2024\/09\/Cyrkl-pyramida-160x160.png 160w, https:\/\/paper.cyrkl.com\/wp-content\/uploads\/2024\/09\/Cyrkl-pyramida-400x400.png 400w, https:\/\/paper.cyrkl.com\/wp-content\/uploads\/2024\/09\/Cyrkl-pyramida-360x360.png 360w, https:\/\/paper.cyrkl.com\/wp-content\/uploads\/2024\/09\/Cyrkl-pyramida.png 1050w\" sizes=\"(max-width: 300px) 100vw, 300px\" \/>                                <\/figure>\n\n            \n        \n    <\/div>\n\n     [\/vc_column][vc_column width=&#8220;1\/2&#8243;]\n\n\n    <h3 id=\"heading_69f37890ece8d\" class=\"li-heading  left fw-bold         vc_custom_1726757144951\" style=\"color: #10a14c;\" >\n        Pyramida nakl\u00e1d\u00e1n\u00ed s odpady do ka\u017ed\u00e9ho podniku            <\/h3>\n\n\n\n    \n    <style scoped>#textblock_69f37890ece9b, #textblock_69f37890ece9b p { color: #ffffff; }<\/style>    <div id=\"textblock_69f37890ece9b\" class=\"li-textblock\" >\n        <p><b>Pos\u00edl\u00e1n\u00ed odpad\u016f na skl\u00e1dku<\/b><span style=\"font-weight: 400;\"> je neekonomick\u00fd a neekologick\u00fd p\u0159\u00edstup, ke kter\u00e9mu by se m\u011blo p\u0159istupovat a\u017e jako k posledn\u00ed mo\u017enosti.<\/span><\/p>\n<p><span style=\"font-weight: 400;\">S odpady lze nakl\u00e1dat celou \u0159adou <\/span><b>inovativn\u011bj\u0161\u00edch a v\u00fdhodn\u011bj\u0161\u00edch zp\u016fsob\u016f <\/b><span style=\"font-weight: 400;\">pro v\u0161echny z\u00fa\u010dastn\u011bn\u00e9.<\/span><\/p>\n<p><span style=\"font-weight: 400;\">J<\/span><span style=\"font-weight: 400;\">ak? Nap\u0159\u00edklad <\/span><b>uzav\u0159en\u00edm toku materi\u00e1l\u016f uvnit\u0159 podniku<\/b><span style=\"font-weight: 400;\"> a op\u011btovn\u00fdm vyu\u017eit\u00edm vznikl\u00fdch odpad\u016f k dal\u0161\u00ed v\u00fdrob\u011b. I o tom si p\u0159e\u010dtete v p\u0159\u00edru\u010dce.<\/span><\/p>\n    <\/div>\n\n\n     [\/vc_column][\/vc_row][vc_row el_id=&#8220;reviews&#8220;][vc_column]\n\n\n    <h3 id=\"heading_69f37890ecee2\" class=\"li-heading  left fw-bold   content-center-sm\" style=\"color: #10a14c;\" >\n        Pro\u010d to m\u00e1 smysl?            <\/h3>\n\n\n\n    [\/vc_column][\/vc_row][vc_row][vc_column width=&#8220;1\/4&#8243;]\n\n    <div id=\"image_69f37890eceed\" class=\"li-image  center\" >\n\n        \n                            <figure>\n                <img width=\"1900\" height=\"1266\" src=\"https:\/\/paper.cyrkl.com\/wp-content\/uploads\/2021\/01\/output-onlinejpgtools4.jpg\" class=\"img-responsive\" alt=\"\" loading=\"lazy\" srcset=\"https:\/\/paper.cyrkl.com\/wp-content\/uploads\/2021\/01\/output-onlinejpgtools4.jpg 1900w, https:\/\/paper.cyrkl.com\/wp-content\/uploads\/2021\/01\/output-onlinejpgtools4-300x200.jpg 300w, https:\/\/paper.cyrkl.com\/wp-content\/uploads\/2021\/01\/output-onlinejpgtools4-1024x682.jpg 1024w, https:\/\/paper.cyrkl.com\/wp-content\/uploads\/2021\/01\/output-onlinejpgtools4-768x512.jpg 768w, https:\/\/paper.cyrkl.com\/wp-content\/uploads\/2021\/01\/output-onlinejpgtools4-1536x1023.jpg 1536w\" sizes=\"(max-width: 1900px) 100vw, 1900px\" \/>                                <\/figure>\n\n            \n        \n    <\/div>\n\n     [\/vc_column][vc_column width=&#8220;3\/4&#8243;]\n        <div id=\"textblock_69f37890ed0e3\" class=\"li-textblock    content-center-sm      vc_custom_1726757455831\" >\n        <p><em><span style=\"font-weight: 400;\">\u201cP\u0159echod na cirkul\u00e1rn\u00ed ekonomiku m\u016f\u017ee <\/span><b>men\u0161\u00edm a st\u0159edn\u00edm firm\u00e1m u\u0161et\u0159it statis\u00edce korun,<\/b> <b>v\u011bt\u0161\u00edm firm\u00e1m miliony. <\/b><span style=\"font-weight: 400;\">Co ud\u011blat pro bezprobl\u00e9mov\u00fd p\u0159echod na cirkul\u00e1rn\u00ed podnik\u00e1n\u00ed? <\/span><b>Kolik u\u0161et\u0159ili ostatn\u00ed? <\/b><span style=\"font-weight: 400;\">Jsem r\u00e1d, \u017ee v\u00e1m mohu p\u0159edstavit studii, ve kter\u00e9 otev\u0159en\u011b popisujeme v\u00fdsledky na\u0161\u00ed dlouhodob\u00e9 pr\u00e1ce a pozn\u00e1n\u00ed. Inspirujte se spole\u010dnostmi, kter\u00e9 <\/span><b>\u00fasp\u011b\u0161n\u011b pro\u0161ly touto zm\u011bnou.<\/b><span style=\"font-weight: 400;\">\u201d<\/span><\/em><\/p>\n    <\/div>\n\n\n     \n\n\n    <h4 id=\"heading_69f37890ed114\" class=\"li-heading  left fw-bold   content-center-sm\"  >\n        - Cyril Klepek, zakladatel Cyrkl a expert pro odpadov\u00e9 hospod\u00e1\u0159stv\u00ed            <\/h4>\n\n\n\n    [\/vc_column][\/vc_row][vc_row full_width=&#8220;stretch_row&#8220; css=&#8220;.vc_custom_1610484371354{margin-bottom: 0px !important;padding-top: 85px !important;padding-bottom: 85px !important;background-color: #10a14c !important;}&#8220;][vc_column width=&#8220;2\/3&#8243;]\n\n\n    <h4 id=\"heading_69f37890ed13d\" class=\"li-heading  left fw-bold   content-center-sm\" style=\"color: #ffffff;\" >\n        P\u0159ipraveni transformovat sv\u00e9 odpadov\u00e9 hospod\u00e1\u0159stv\u00ed?<br \/>\nUd\u011blejte prvn\u00ed krok k \u00faspor\u00e1m a udr\u017eiteln\u011bj\u0161\u00edmu podnik\u00e1n\u00ed:            <\/h4>\n\n\n\n    [\/vc_column][vc_column width=&#8220;1\/3&#8243;]<div class=\"btn-wrapper center \"><button type=\"button\" id=\"button_69f37890ed14e\" class=\"btn  btn-lg btn-white btn-round btn-outline btn-block btn-icon-left\" data-toggle=\"modal\" data-target=\"#liModal-34\"><i class=\"fa \"><\/i>Z\u00edskat publikaci<\/button><\/div>[\/vc_column][\/vc_row][vc_row][vc_column]\n    <style scoped>#liModal-34 .modal-dialog { margin-top: 3%; }.vc_custom_1463564683397{margin-top: 15px !important;margin-bottom: 0px !important;padding-right: 20px !important;padding-left: 20px !important;}.vc_custom_1498810368702{padding-top: 35px !important;padding-right: 40px !important;padding-bottom: 50px !important;padding-left: 40px !important;background-color: #2c343e !important;}.vc_custom_1461325977220{margin-bottom: 30px !important;}.vc_custom_1610491051015{margin-top: 20px !important;}.vc_custom_1610491064189{margin-top: 25px !important;}.vc_custom_1727642571600{margin-bottom: 35px !important;}<\/style>\n    \n    <script type=\"text\/javascript\">\n        jQuery(window).load(function () {\n\n            \/\/ Show Entrance and Exit Style\n            function modalAnimationStyle(style) {\n                jQuery('#liModal-34 .modal-dialog').attr('class', 'modal-dialog  ' + style + '  animated');\n            }\n            jQuery(\"#liModal-34\").on('show.bs.modal', function (e) {\n                jQuery(\"body\").addClass('liModal-34-open');\n                modalAnimationStyle('fadeInDown');\n                \n            });\n            jQuery(\"#liModal-34\").on('hide.bs.modal', function (e) {\n                jQuery(\"body\").removeClass('liModal-34-open');\n                modalAnimationStyle('fadeOutUp');\n            });\n\n            jQuery(\"#liModal-34\").on('show.bs.modal', function (e) {\n                var that=jQuery(this);\n                var id=that.attr('id')+'-backdrop'; \/\/get the id of button which got clicked\n                setTimeout(function(){\n                    jQuery('.modal-backdrop').attr('id',id);\n                });\n            });\n\n                    });\n    <\/script>\n\n\n\n    <div class=\"modal fade li-modal \" id=\"liModal-34\"\n         tabindex=\"-1\" role=\"dialog\">\n        <div class=\"modal-dialog\" role=\"document\">\n            <div class=\"modal-content\">\n                <button type=\"button\" class=\"close\" data-dismiss=\"modal\" aria-label=\"Close\"><span\n                        aria-hidden=\"true\">&times;<\/span><\/button>\n                <div class=\"modal-body\">\n                    [vc_row css=\".vc_custom_1463564683397{margin-top: 15px !important;margin-bottom: 0px !important;padding-right: 20px !important;padding-left: 20px !important;}\"][vc_column width=\"1\/4\" css=\".vc_custom_1461325977220{margin-bottom: 30px !important;}\"]\n\n    <div id=\"image_69f37890ed1fa\" class=\"li-image  center         vc_custom_1610491051015\" >\n\n        \n                            <figure>\n                <img width=\"192\" height=\"157\" src=\"https:\/\/paper.cyrkl.com\/wp-content\/uploads\/2021\/01\/kniha.jpg\" class=\"img-responsive\" alt=\"\" loading=\"lazy\" \/>                                <\/figure>\n\n            \n        \n    <\/div>\n\n     [\/vc_column][vc_column width=\"3\/4\"]\n\n\n    <h3 id=\"heading_69f37890ed3f6\" class=\"li-heading t-center-sm center fw-bold         vc_custom_1610491064189\" style=\"color: #10a14c;\" >\n        St\u00e1hn\u011bte si publikaci        <small style=\"color: #10a14c;\" class=\"fw-normal\">Cirkul\u00e1rn\u00ed odpadov\u00e9 hospod\u00e1\u0159stv\u00ed<\/small>    <\/h3>\n\n\n\n    [\/vc_column][\/vc_row][vc_row css=\".vc_custom_1498810368702{padding-top: 35px !important;padding-right: 40px !important;padding-bottom: 50px !important;padding-left: 40px !important;background-color: #2c343e !important;}\"][vc_column]\n    <style scoped>#textblock_69f37890ed403, #textblock_69f37890ed403 p { color: #ffffff; }<\/style>    <div id=\"textblock_69f37890ed403\" class=\"li-textblock          vc_custom_1727642571600\" >\n        <p style=\"text-align: center;\"><strong>Od z\u00edsk\u00e1n\u00ed publikace, kter\u00e1 pom\u016f\u017ee ve Va\u0161em odpadov\u00e9m hospod\u00e1\u0159stv\u00ed naj\u00edt v\u00fdrazn\u00e9 \u00faspory, V\u00e1s d\u011bl\u00ed jen jeden krok.<br \/>\n<\/strong><\/p>\n    <\/div>\n\n\n     <div role=\"form\" class=\"wpcf7\" id=\"wpcf7-f35-o1\" lang=\"en-US\" dir=\"ltr\">\n<div class=\"screen-reader-response\"><p role=\"status\" aria-live=\"polite\" aria-atomic=\"true\"><\/p> <ul><\/ul><\/div>\n<form action=\"\/index.php\/wp-json\/wp\/v2\/pages\/2#wpcf7-f35-o1\" method=\"post\" class=\"wpcf7-form init\" novalidate=\"novalidate\" data-status=\"init\">\n<div style=\"display: none;\">\n<input type=\"hidden\" name=\"_wpcf7\" value=\"35\" \/>\n<input type=\"hidden\" name=\"_wpcf7_version\" value=\"5.3.2\" \/>\n<input type=\"hidden\" name=\"_wpcf7_locale\" value=\"en_US\" \/>\n<input type=\"hidden\" name=\"_wpcf7_unit_tag\" value=\"wpcf7-f35-o1\" \/>\n<input type=\"hidden\" name=\"_wpcf7_container_post\" value=\"0\" \/>\n<input type=\"hidden\" name=\"_wpcf7_posted_data_hash\" value=\"\" \/>\n<\/div>\n<div class=\"row\">\n<div class=\"col-md-6\">\n    <span class=\"wpcf7-form-control-wrap first-name\"><input type=\"text\" name=\"first-name\" value=\"\" size=\"40\" class=\"wpcf7-form-control wpcf7-text wpcf7-validates-as-required form-control input-md mb15\" aria-required=\"true\" aria-invalid=\"false\" placeholder=\"K\u0159estn\u00ed jm\u00e9no\" \/><\/span>\n  <\/div>\n<div class=\"col-md-6\">\n    <span class=\"wpcf7-form-control-wrap last-name\"><input type=\"text\" name=\"last-name\" value=\"\" size=\"40\" class=\"wpcf7-form-control wpcf7-text wpcf7-validates-as-required form-control input-md mb15\" aria-required=\"true\" aria-invalid=\"false\" placeholder=\"P\u0159ijmen\u00ed\" \/><\/span>\n  <\/div>\n<div class=\"col-md-6\">\n    <span class=\"wpcf7-form-control-wrap email\"><input type=\"email\" name=\"email\" value=\"\" size=\"40\" class=\"wpcf7-form-control wpcf7-text wpcf7-email wpcf7-validates-as-required wpcf7-validates-as-email form-control mb20 input-md\" aria-required=\"true\" aria-invalid=\"false\" placeholder=\"E-mailov\u00e1 adresa\" \/><\/span>\n  <\/div>\n<div class=\"col-md-6\">\n    <span class=\"wpcf7-form-control-wrap odber\"><select name=\"odber\" class=\"wpcf7-form-control wpcf7-select odber\" id=\"odber\" aria-invalid=\"false\"><option value=\"Newsletter chci odeb\u00edrat v CZ\">Newsletter chci odeb\u00edrat v CZ<\/option><option value=\"Newsletter chcem odobera\u0165 v SK\">Newsletter chcem odobera\u0165 v SK<\/option><option value=\"Newsletter nechci odeb\u00edrat\">Newsletter nechci odeb\u00edrat<\/option><\/select><\/span>\n  <\/div>\n<div class=\"col-md-12\">\n    <label for=\"telefon\" style=\"color: #fff;\">V p\u0159\u00edpad\u011b z\u00e1jmu o konzultaci zdarma, vypl\u0148te telefonn\u00ed \u010d\u00edslo:<\/label><br \/>\n    <span class=\"wpcf7-form-control-wrap tel\"><input type=\"tel\" name=\"tel\" value=\"\" size=\"40\" class=\"wpcf7-form-control wpcf7-text wpcf7-tel wpcf7-validates-as-tel form-control input-md mb15\" aria-invalid=\"false\" placeholder=\"Telefonn\u00ed \u010d\u00edslo (nepovinn\u00e9)\" \/><\/span>\n  <\/div>\n<div class=\"col-md-12 text-center mt20\">\n    <input type=\"submit\" value=\"St\u00e1hnout publikaci zdarma\" class=\"wpcf7-form-control wpcf7-submit btn btn-green btn-lg btn-round btn-block\" \/>\n  <\/div>\n<div class=\"col-md-12 mt20 text-center\">\n    <small style=\"color:#fff;\">Odesl\u00e1n\u00edm tohoto formul\u00e1\u0159e souhlas\u00edte s <a href=\"https:\/\/paper.cyrkl.com\/index.php\/terms-and-conditions\/\" target=\"_blank\">obchodn\u00edmi podm\u00ednkami<\/a> a <a href=\"https:\/\/paper.cyrkl.com\/index.php\/privacy-policy\/\" target=\"_blank\">zpracov\u00e1n\u00edm osobn\u00edch \u00fadaj\u016f<\/a>.<br \/>\n    <\/small><br \/>\n    <small style=\"color:#fff;\">* Va\u0161e osobn\u00ed informace nesd\u00edl\u00edme s nik\u00fdm dal\u0161\u00edm.<\/small>\n  <\/div>\n<\/div>\n<div class=\"wpcf7-response-output\" aria-hidden=\"true\"><\/div><\/form><\/div>[\/vc_column][\/vc_row]                <\/div>\n            <\/div>\n        <\/div>\n    <\/div>\n\n\n    [\/vc_column][\/vc_row]<\/p>\n","protected":false},"excerpt":{"rendered":"<p>[vc_row full_width=&#8220;stretch_row_content_no_spaces&#8220; el_id=&#8220;top&#8220;][vc_column][rev_slider_vc alias=&#8220;ebook-slider&#8220;][\/vc_column][\/vc_row][vc_row el_id=&#8220;topics&#8220;][vc_column css=&#8220;.vc_custom_1610483098555{padding-top: -30px !important;}&#8220;][\/vc_column][\/vc_row][vc_row][vc_column][\/vc_column][\/vc_row][vc_row][vc_column width=&#8220;1\/2&#8243;][\/vc_column][vc_column width=&#8220;1\/2&#8243;][\/vc_column][\/vc_row][vc_row full_width=&#8220;stretch_row&#8220; parallax=&#8220;content-moving&#8220; parallax_image=&#8220;121&#8243; parallax_speed_bg=&#8220;3&#8243; overflow=&#8220;of-hidden&#8220; css=&#8220;.vc_custom_1610489079452{padding-top: 85px !important;padding-bottom: 50px !important;background-color: #2c343e !important;}&#8220;][vc_column width=&#8220;1\/2&#8243;][\/vc_column][vc_column width=&#8220;1\/2&#8243;][\/vc_column][\/vc_row][vc_row el_id=&#8220;reviews&#8220;][vc_column][\/vc_column][\/vc_row][vc_row][vc_column width=&#8220;1\/4&#8243;][\/vc_column][vc_column width=&#8220;3\/4&#8243;][\/vc_column][\/vc_row][vc_row full_width=&#8220;stretch_row&#8220; css=&#8220;.vc_custom_1610484371354{margin-bottom: 0px !important;padding-top: 85px !important;padding-bottom: 85px !important;background-color: #10a14c !important;}&#8220;][vc_column width=&#8220;2\/3&#8243;][\/vc_column][vc_column width=&#8220;1\/3&#8243;][\/vc_column][\/vc_row][vc_row][vc_column][\/vc_column][\/vc_row]<\/p>\n","protected":false},"author":1,"featured_media":0,"parent":0,"menu_order":0,"comment_status":"closed","ping_status":"open","template":"","meta":{"inline_featured_image":false,"_monsterinsights_skip_tracking":false,"_monsterinsights_sitenote_active":false,"_monsterinsights_sitenote_note":"","_monsterinsights_sitenote_category":0},"aioseo_notices":[],"_links":{"self":[{"href":"https:\/\/paper.cyrkl.com\/index.php\/wp-json\/wp\/v2\/pages\/2"}],"collection":[{"href":"https:\/\/paper.cyrkl.com\/index.php\/wp-json\/wp\/v2\/pages"}],"about":[{"href":"https:\/\/paper.cyrkl.com\/index.php\/wp-json\/wp\/v2\/types\/page"}],"author":[{"embeddable":true,"href":"https:\/\/paper.cyrkl.com\/index.php\/wp-json\/wp\/v2\/users\/1"}],"replies":[{"embeddable":true,"href":"https:\/\/paper.cyrkl.com\/index.php\/wp-json\/wp\/v2\/comments?post=2"}],"version-history":[{"count":74,"href":"https:\/\/paper.cyrkl.com\/index.php\/wp-json\/wp\/v2\/pages\/2\/revisions"}],"predecessor-version":[{"id":222,"href":"https:\/\/paper.cyrkl.com\/index.php\/wp-json\/wp\/v2\/pages\/2\/revisions\/222"}],"wp:attachment":[{"href":"https:\/\/paper.cyrkl.com\/index.php\/wp-json\/wp\/v2\/media?parent=2"}],"curies":[{"name":"wp","href":"https:\/\/api.w.org\/{rel}","templated":true}]}}